t(u) = 251*u + 2423. Calculate t(-11).
-338
Let r(x) = -21687*x - 173511. Calculate r(-8).
-15
Let h(q) = -37169*q + 446053. Give h(12).
25
Let v(g) = -13320*g + 439282. Give v(33).
-278
Let y(o) = -2*o**2 - 2996*o - 142008. What is y(-49)?
-6
Let c(o) = o**3 + 94*o**2 - 195*o - 268. Calculate c(-96).
20
Let a(t) = 2*t**3 + 90*t**2 - 7890*t - 358702. Give a(-46).
6
Let g(s) = -529*s + 24404. Determine g(46).
70
Let y(f) = -f**3 + 71*f**2 + 1942*f - 118572. Determine y(76).
140
Let q(k) = -3*k**2 + 273*k - 262. Calculate q(91).
-262
Let i(x) = 15*x**3 - 33*x**2 - 203*x - 189. Calculate i(-4).
-865
Let l(p) = -4*p**2 - 53*p + 89. Calculate l(-23).
-808
Let g(k) = 2*k**2 + 348*k - 6293. Determine g(-191).
201
Let l(a) = a**3 - 365*a**2 - 4911*a - 1024. Give l(378).
110
Let j(q) = 95172*q + 475766. Determine j(-5).
-94
Let k(v) = 4*v**3 - 26*v**2 - 47*v + 8. Determine k(-6).
-1510
Let p(h) = h**3 + h**2 - 25*h - 4. What is p(5)?
21
Let n(j) = -77*j**2 - 653*j + 9275. Give n(-16).
11
Let q(b) = -29587*b + 147846. Calculate q(5).
-89
Let u(f) = 2449*f + 12302. Determine u(-5).
57
Let y(k) = 90*k - 11236. Give y(126).
104
Let m(f) = 533*f + 13592. Determine m(-25).
267
Let i(p) = -192*p - 1397. Give i(-3).
-821
Let h(z) = 4265*z + 5388. Calculate h(-1).
1123
Let k(o) = -o**2 - 1370*o + 24969. Determine k(18).
-15
Let o(p) = 218*p + 8046. What is o(-37)?
-20
Let z(l) = 1517*l**2 + 37910*l - 170. Give z(-25).
205
Let y(v) = -2*v**3 - 24*v**2 - 14*v - 12. What is y(-12)?
156
Let v(o) = 19737*o - 177616. What is v(9)?
17
Let x(s) = 5266*s - 373905. Determine x(71).
-19
Let p(u) = -u**3 + 4*u**2 + 741*u + 367. What is p(0)?
367
Let u(x) = 161*x - 6527. Give u(40).
-87
Let u(a) = 813*a - 6158. Give u(8).
346
Let x(s) = 7*s**2 + 1073*s - 11065. Determine x(-164).
1235
Let c(z) = -z**3 - 16*z**2 - 9. Calculate c(-12).
-585
Let z(a) = a**3 + 276*a**2 + 6045*a + 575. Determine z(-252).
1331
Let l(x) = 1904*x + 338876. Determine l(-178).
-36
Let x(h) = -25*h**2 + 16*h - 5. Calculate x(-7).
-1342
Let n(f) = -2*f**3 + 89*f**2 + 32*f + 1240. Calculate n(46).
-3636
Let s(d) = 487*d + 22444. Determine s(-46).
42
Let o(q) = -25*q**2 + 2798*q - 18164. What is o(105)?
1
Let x(g) = 8189*g - 8122. Calculate x(1).
67
Let t(z) = -5*z**2 - 156*z + 2251. Give t(-42).
-17
Let i(a) = -4*a**2 + 85*a + 206. What is i(34)?
-1528
Let u(x) = -x**2 - 26*x - 115. What is u(-25)?
-90
Let y(a) = -156*a**2 + 1386*a + 1737. Give y(10).
-3
Let x(g) = -742*g + 29312. Give x(38).
1116
Let g(r) = 11*r - 877. Give g(98).
201
Let t(a) = -5129*a - 143627. What is t(-28)?
-15
Let f(o) = 48250*o - 1736995. Calculate f(36).
5
Let s(o) = 653*o - 18024. Determine s(27).
-393
Let o(g) = -g**3 - 276*g**2 + 1338*g - 19132. Give o(-281).
-305
Let l(r) = -69*r + 1988. Calculate l(59).
-2083
Let s(v) = 6*v**2 - 6185*v + 49149. What is s(8)?
53
Let u(z) = -515*z + 251332. Calculate u(488).
12
Let s(v) = 3*v**3 - 7*v**2 - 39*v + 252. Give s(8).
1028
Let b(v) = 3*v**3 + 70*v**2 - 130*v - 68. Give b(-25).
57
Let r(q) = -17*q**2 - 3257*q + 4621. Give r(-193).
-11
Let p(s) = 84036*s + 588261. Give p(-7).
9
Let k(b) = 11*b**3 - 25*b**2 - 516*b + 109. Give k(8).
13
Let d(i) = i**2 + 260581*i + 2084578. Calculate d(-8).
-6
Let t(p) = -8*p**3 + 131*p**2 + 92*p - 252. Calculate t(17).
-133
Let f(y) = -47*y**3 + 8*y**2 - 45*y - 11. What is f(4)?
-3071
Let a(b) = -16*b**2 - 4106*b - 108859. Determine a(-30).
-79
Let n(o) = -1085*o + 4908. What is n(4)?
568
Let g(y) = -5*y**3 - 92*y**2 - 46*y + 107. What is g(-18)?
287
Let x(f) = -3*f**2 - 9*f + 279. Give x(4).
195
Let w(j) = 48*j**2 - 2737*j + 35546. Determine w(20).
6
Let h(o) = 46*o**2 - 115*o + 115. Give h(1).
46
Let y(f) = 304503*f - 2436026. Calculate y(8).
-2
Let c(t) = 19*t**2 - 9186*t + 72137. Calculate c(8).
-135
Let m(v) = 919*v + 8713. Give m(-11).
-1396
Let s(g) = -g**3 + 68*g**2 - 1096*g - 1088. Calculate s(29).
-73
Let f(p) = 939*p - 140598. What is f(150)?
252
Let n(d) = 2908*d + 154086. What is n(-53)?
-38
Let m(f) = -7*f**3 - 6*f**2 + 14*f. Calculate m(-2).
4
Let i(f) = 2*f**3 + 1530*f**2 - 186*f - 142277. Give i(-765).
13
Let n(b) = 734*b + 82956. Determine n(-113).
14
Let f(v) = -18*v + 2005. What is f(113)?
-29
Let a(k) = 5*k**3 - 10*k**2 - 8*k + 7. Determine a(-6).
-1385
Let b(s) = -2*s**2 - 2421*s + 87189. What is b(35)?
4
Let d(j) = -412*j - 2323. Determine d(10).
-6443
Let o(s) = s**3 - 93*s**2 + 787*s - 38355. Give o(89).
4
Let w(b) = 31*b**2 - 721*b - 50. What is w(24)?
502
Let n(c) = 9*c**3 - 271*c**2 + 332*c - 1034. Determine n(29).
184
Let y(q) = 40*q**2 + 690*q + 113. Determine y(-17).
-57
Let o(q) = -2*q**2 - 627*q - 5592. Determine o(-9).
-111
Let d(r) = -5*r**3 - 97*r**2 - 52*r - 353. What is d(-6)?
-2453
Let x(a) = -4*a**2 - 2012*a - 220930. Calculate x(-162).
38
Let f(m) = m**3 + 60*m**2 - 1503*m + 14. Calculate f(19).
-24
Let a(l) = 2433*l - 699. Give a(0).
-699
Let y(h) = 4*h**3 - 169*h**2 - 631*h + 28282. Calculate y(42).
16
Let r(s) = 4*s**3 - 578*s**2 + 290*s - 1653. Give r(144).
-1365
Let c(w) = 35*w**3 + 30239*w**2 - 876*w - 10367. What is c(-864)?
1
Let v(h) = h**3 - h**2 - 169501*h. Determine v(0).
0
Let y(o) = -o**3 - 244*o**2 - 5684*o - 487. Determine y(-26).
-71
Let h(t) = -52*t - 1274. Determine h(-47).
1170
Let j(q) = 3*q**3 + q**2 + 48*q - 229. Calculate j(4).
171
Let p(n) = 21*n**2 - 87*n + 272. Give p(3).
200
Let f(x) = 3*x**2 + 22*x + 183. Calculate f(0).
183
Let d(w) = -w**3 + 11*w**2 + 45*w - 227. Calculate d(11).
268
Let z(t) = -7*t**2 + 2102*t - 93475. Give z(246).
5
Let b(n) = -5*n**2 + 1494*n + 151555. Determine b(-80).
35
Let j(x) = 47*x**2 - 14657*x + 465060. Calculate j(276).
0
Let x(z) = z**3 - 44*z**2 - 579*z + 2123. Calculate x(54).
17
Let m(y) = y**2 + 5470*y - 512. Determine m(0).
-512
Let i(s) = -22*s**2 - 328*s + 20. What is i(-12)?
788
Let u(z) = -z**2 + 2443*z + 54282. Calculate u(-22).
52
Let p(m) = 2*m**3 + 400*m**2 - 13*m - 1382. What is p(-200)?
1218
Let s(p) = -p**3 - 249*p**2 - 1219*p + 246. Give s(-244).
2
Let l(d) = 311*d**2 - 2433*d - 445. What is l(8)?
-5
Let w(x) = -7*x**2 + 598*x + 1008. Give w(84).
1848
Let c(b) = 72*b**2 - 761*b - 3823. Calculate c(-5).
1782
Let l(r) = 2*r**2 + 23153*r + 600690. Calculate l(-26).
64
Let x(t) = 8318*t + 55329. What is x(-7)?
-2897
Let f(x) = -36*x**2 + 251*x + 744. Calculate f(-3).
-333
Let b(n) = -23*n**3 - 8*n**2 - 17*n - 31. Give b(-3).
569
Let z(s) = 130*s**3 + 1690*s**2 - 4*s + 3. Give z(-13).
55
Let m(h) = 75*h**3 - 309*h**2 + 36*h - 4. Determine m(4).
-4
Let y(p) = p**3 - 29*p**2 + 18*p - 516. Calculate y(29).
6
Let l(w) = -1027*w - 61792. Determine l(-60).
-172
Let y(u) = u**3 + 2*u**2 + 3052*u - 3053. Give y(1).
2
Let r(z) = 8870*z + 195157. Calculate r(-22).
17
Let d(y) = -3549*y + 1380557. Determine d(389).
-4
Let b(d) = -973*d - 20379. Give b(-21).
54
Let b(s) = 1804*s**2 + 9*s - 10. Determine b(1).
1803
Let m(j) = j**3 - 187*j**2 - 180*j - 1614. Determine m(188).
-110
Let k(v) = v**3 - 451*v**2 + 3137*v - 12868. Calculate k(444).
8
Let p(m) = 724*m + 16463. Determine p(-21).
1259
Let z(t) = -t**2 + 10124*t - 121351. Give z(12).
-7
Let j(s) = -s**2 - 24573*s - 932253. Calculate j(-38).
77
Let w(c) = 132*c**2 - 7798*c + 630. Determine w(59).
40
Let b(q) = q**3 - 21*q**2 + 47*q - 1414. Give b(22).
104
Let k(y) = 72858*y - 582815. Calculate k(8).
49
Let b(j) = 2*j**3 - 208*j**2 - 646*j - 23554. Determine b(108).
-10
Let j(m) = m**3 - 69*m**2 + 730*m - 32. What is j(11)?
980
Let u(l) = -36133*l - 686581. Calculate u(-19).
-54
Let w(i) = -11*i**3 + 50*i**2 - 148*i + 96. What is w(1)?
-13
Let w(n) = n**3 + 7*n**2 - 24*n - 12. What is w(-8)?
116
Let f(d) = 462*d + 21115. Give f(-45).
325
Let u(z) = 23*z**3 - 50*z**2 - 674*z + 2026. What is u(4)?
2
Let l(b) = 3933*b + 15957. Give l(-4).
225
Let q(k) = 38818*k + 5939139. What is q(-153)?
-15
Let q(x) = 11*x**3 - 987*x**2 - 267*x - 293. What is q(90)?
-23
Let y(w) = -18*w**3 + 6*w**2 - 182*w + 184. What is y(1)?
-10
Let u(l) = -7*l**3 - 25*l**2 - 1433*l + 2902. Calculate u(2).
-120
Let p(b) = -8004*b + 257266. Calculate p(32).
1138
Let z(l) = -525*l + 13541. Give z(26).
-109
Let n(g) = -2*g**2 - 1059*g + 195087. Calculate n(-674).
301
Let o(j) = 1369*j - 343707. Determine o(251).
-88
Let w(q) = 